{"id":2,"date":"2020-02-24T12:15:37","date_gmt":"2020-02-24T12:15:37","guid":{"rendered":"http:\/\/croinop.pravo.unizg.hr\/?page_id=2"},"modified":"2021-01-21T21:53:45","modified_gmt":"2021-01-21T21:53:45","slug":"homepage","status":"publish","type":"page","link":"https:\/\/croinop.pravo.unizg.hr\/","title":{"rendered":"CROinop"},"content":{"rendered":"<div class=\"post-content\">\n<div id=\"rise-blocks-section-block-instance-0\" class=\"wp-block-rise-blocks-section\"><div class=\"rise-blocks-full-width rise-blocks-section-wrapper\"><div class=\"rise-blocks-section-overlay\"><\/div><div class=\"rise-blocks-section-inner\">\n<div id=\"rise-blocks-section-block-instance-1\" class=\"wp-block-rise-blocks-section\"><div class=\"rise-blocks-boxed rise-blocks-section-wrapper\"><div class=\"rise-blocks-section-overlay\"><\/div><div class=\"rise-blocks-section-inner\">\n<div id=\"rise-blocks-section-block-instance-2\" class=\"wp-block-rise-blocks-section\"><div class=\"rise-blocks-boxed rise-blocks-section-wrapper\"><div class=\"rise-blocks-section-inner\">\n<section id=\"rise-blocks-heading-block-instance-0\"><div class=\"rise-blocks-heading-section wp-block-rise-blocks-heading center\"><\/div><\/section>\n\n\n\n<section id=\"rise-blocks-heading-block-instance-1\"><div class=\"rise-blocks-heading-section wp-block-rise-blocks-heading center\"><h1 class=\"rise-blocks-title\">PROJEKT NEDU\u017dNOSTI U HRVATSKOJ<\/h1><div class=\"rise-blocks-sub-description\">PROJEKT HRVATSKE ZAKLADE ZA ZNANOST<\/div><\/div><\/section>\n\n\n\n<div id=\"rise-blocks-wp-block-rise-blocks-buttons-0\" class=\"wp-block-rise-blocks-buttons aligncenter\">\n<a id=\"rise-blocks-wp-block-rise-blocks-button-0\" class=\"wp-block-rise-blocks-button rise-blocks-icon-right\" rel=\"noopener noreferrer\" href=\"https:\/\/croinop.pravo.unizg.hr\/?page_id=17\" target=\"_blank\"><i class=\"fa fa-arrow-circle-right\"><\/i><span class=\"rise-blocks-advanced-button-text\">VI\u0160E<\/span><\/a>\n<\/div>\n<\/div><\/div><\/div>\n<\/div><\/div><\/div>\n\n\n\n<div id=\"rise-blocks-section-block-instance-3\" class=\"wp-block-rise-blocks-section\"><div class=\"rise-blocks-boxed rise-blocks-section-wrapper\"><div class=\"rise-blocks-section-inner\">\n<section id=\"rise-blocks-heading-block-instance-2\"><div class=\"rise-blocks-heading-section wp-block-rise-blocks-heading center\"><h1 class=\"rise-blocks-title\"><a href=\"http:\/\/www.hrzz.hr\"><img loading=\"lazy\" decoding=\"async\" width=\"800\" height=\"333\" class=\"wp-image-93\" src=\"https:\/\/croinop.pravo.unizg.hr\/wp-content\/uploads\/2020\/03\/hrzz.jpg\" alt=\"\" style=\"width: 300px;\" srcset=\"https:\/\/croinop.pravo.unizg.hr\/wp-content\/uploads\/2020\/03\/hrzz.jpg 800w, https:\/\/croinop.pravo.unizg.hr\/wp-content\/uploads\/2020\/03\/hrzz-300x125.jpg 300w, https:\/\/croinop.pravo.unizg.hr\/wp-content\/uploads\/2020\/03\/hrzz-768x320.jpg 768w\" sizes=\"(max-width: 800px) 100vw, 800px\" \/><\/a><\/h1><span class=\"rise-blocks-line\"><\/span><\/div><\/section>\n\n\n\n<div id=\"rise-blocks-wp-block-rise-blocks-icon-boxes-0\"><div class=\"wp-block-rise-blocks-icon-boxes rise-blocks-save rise-blocks-center-layout rise-blocks-shadow-enable\"><div class=\"rise-blocks-block-lists\">\n<div id=\"rise-blocks-wp-block-rise-blocks-icon-box-0\"><div class=\"rise-blocks-icon-box rise-blocks-center\"><div class=\"rise-blocks-icon-wrapper\"><img decoding=\"async\" src=\"https:\/\/croinop.pravo.unizg.hr\/wp-content\/uploads\/2020\/03\/DNK.jpg\" alt=\"\"\/><\/div><div class=\"rise-blocks-content\"><h2 class=\"rise-blocks-title\"><a href=\"https:\/\/croinop.pravo.unizg.hr\/?page_id=17\">O projektu<\/a><\/h2><p class=\"rise-blocks-description\">Kratki opis projekta s ciljevima<\/p><\/div><\/div><\/div>\n\n\n\n<div id=\"rise-blocks-wp-block-rise-blocks-icon-box-1\"><div class=\"rise-blocks-icon-box rise-blocks-center\"><div class=\"rise-blocks-icon-wrapper\"><img decoding=\"async\" src=\"https:\/\/croinop.pravo.unizg.hr\/wp-content\/uploads\/2020\/03\/Meeting.jpg\" alt=\"\"\/><\/div><div class=\"rise-blocks-content\"><h2 class=\"rise-blocks-title\"><a href=\"https:\/\/croinop.pravo.unizg.hr\/?page_id=22\">Istra\u017eiva\u010di <\/a><\/h2><p class=\"rise-blocks-description\">Popis istra\u017eiva\u010da na projektu<\/p><\/div><\/div><\/div>\n\n\n\n<div id=\"rise-blocks-wp-block-rise-blocks-icon-box-2\"><div class=\"rise-blocks-icon-box rise-blocks-center\"><div class=\"rise-blocks-icon-wrapper\"><img decoding=\"async\" src=\"https:\/\/croinop.pravo.unizg.hr\/wp-content\/uploads\/2020\/03\/Database.jpg\" alt=\"\"\/><\/div><div class=\"rise-blocks-content\"><h2 class=\"rise-blocks-title\"><a href=\"https:\/\/croinop.pravo.unizg.hr\/?page_id=84\">Izvori<\/a><\/h2><p class=\"rise-blocks-description\">Zakonodavstvo, sudska praksa<\/p><\/div><\/div><\/div>\n\n\n\n<div id=\"rise-blocks-wp-block-rise-blocks-icon-box-3\"><div class=\"rise-blocks-icon-box rise-blocks-center\"><div class=\"rise-blocks-icon-wrapper\"><img decoding=\"async\" src=\"https:\/\/croinop.pravo.unizg.hr\/wp-content\/uploads\/2020\/03\/News.jpg\" alt=\"\"\/><\/div><div class=\"rise-blocks-content\"><h2 class=\"rise-blocks-title\"><a href=\"https:\/\/croinop.pravo.unizg.hr\/?page_id=160\">Novosti<\/a><\/h2><p class=\"rise-blocks-description\">Pregled aktivnosti istra\u017eiva\u010da na projektu<\/p><\/div><\/div><\/div>\n<\/div><\/div><\/div>\n\n\n\n<p class=\"has-text-align-center\">Email<\/p>\n\n\n\n<div class=\"wp-block-image is-style-circle-mask\"><figure class=\"aligncenter size-large is-resized\"><a href=\"mailto:croinop@pravo.unizg.hr\"><img loading=\"lazy\" decoding=\"async\" src=\"https:\/\/croinop.pravo.unizg.hr\/wp-content\/uploads\/2020\/03\/Email-3.jpg\" alt=\"Email\" class=\"wp-image-349\" width=\"150\" height=\"150\" srcset=\"https:\/\/croinop.pravo.unizg.hr\/wp-content\/uploads\/2020\/03\/Email-3.jpg 200w, https:\/\/croinop.pravo.unizg.hr\/wp-content\/uploads\/2020\/03\/Email-3-150x150.jpg 150w\" sizes=\"(max-width: 150px) 100vw, 150px\" \/><\/a><\/figure><\/div>\n<\/div><\/div><\/div>\n\n\n\n<div id=\"rise-blocks-section-block-instance-4\" class=\"wp-block-rise-blocks-section with-background-half\"><div class=\"rise-blocks-boxed rise-blocks-section-wrapper\"><div class=\"rise-blocks-section-overlay\"><\/div><div class=\"rise-blocks-section-inner\">\n<div class=\"wp-block-columns is-layout-flex wp-container-core-columns-layout-1 wp-block-columns-is-layout-flex\">\n<div class=\"wp-block-column is-layout-flow wp-block-column-is-layout-flow\" style=\"flex-basis:38%\">\n<div class=\"wp-block-group has-background\" style=\"background-color:#171c27\"><div class=\"wp-block-group__inner-container is-layout-flow wp-block-group-is-layout-flow\">\n<section id=\"rise-blocks-heading-block-instance-3\"><div class=\"rise-blocks-heading-section wp-block-rise-blocks-heading left\"><h2 class=\"rise-blocks-title\">\u0160TO SU PROJEKTI NEDU\u017dNOSTI?<\/h2><\/div><\/section>\n\n\n\n<section id=\"rise-blocks-heading-block-instance-4\"><div class=\"rise-blocks-heading-section wp-block-rise-blocks-heading left\"><div class=\"rise-blocks-sub-description\">Mogu\u0107nosti ljudske pogre\u0161ke postoje i u kaznenom pravosu\u0111u kao i u svim ostalim oblicima ljudskog postupanja. U svijetu je niz primjera tzv. pogre\u0161nih osuda odnosno osuda za kaznena djela osoba koje ta djela nisu po\u010dinile. Razlozi za to mogu biti razli\u010diti &#8211; od neizuzimanja biolo\u0161kog traga, pogre\u0161aka u opa\u017eanju i iskazivanju svjedoka i sl. Jedan od na\u010dina na koji se korigiraju takve pogre\u0161ke su obnove postupka na temelju naknadnih DNK vje\u0161ta\u010denja. Razvitak tehnologije danas omogu\u0107ava nedvojbeno utvr\u0111ivanje identiteta po\u010dinitelja kaznenog djela iz DNK uzorka izuzetog s mjesta po\u010dinjenja kaznenog djela. U svijetu postoji niz projekata nedu\u017enosti, a ovo je prvi takav projekt u Hrvatskoj. Cilj projekta je izgradnja kriterija i stvaranje pretpostavki za obnovu kaznenog postupka na temelju novog dokaza odnosno \u010dinjenice &#8211; analize DNK osu\u0111enika i njezine usporedbe s DNK izuzetim iz krvi ili tjelesnih teku\u0107ina nakon po\u010dinjenja kaznenog djela kako bi se utvrdila (ne) istovjetnost. <\/div><\/div><\/section>\n<\/div><\/div>\n<\/div>\n\n\n\n<div class=\"wp-block-column is-layout-flow wp-block-column-is-layout-flow\" style=\"flex-basis:62%\"><\/div>\n<\/div>\n<\/div><\/div><\/div>\n\n\n\n<div id=\"rise-blocks-section-block-instance-5\" class=\"wp-block-rise-blocks-section\"><div class=\"rise-blocks-boxed rise-blocks-section-wrapper\"><div class=\"rise-blocks-section-inner\"><\/div><\/div><\/div>\n<\/div><\/div><\/div>\n<\/div>","protected":false},"excerpt":{"rendered":"","protected":false},"author":1,"featured_media":0,"parent":0,"menu_order":0,"comment_status":"closed","ping_status":"open","template":"page-templates\/full-width.php","meta":{"footnotes":""},"rise-blocks_excerpt":"","_links":{"self":[{"href":"https:\/\/croinop.pravo.unizg.hr\/index.php?rest_route=\/wp\/v2\/pages\/2"}],"collection":[{"href":"https:\/\/croinop.pravo.unizg.hr\/index.php?rest_route=\/wp\/v2\/pages"}],"about":[{"href":"https:\/\/croinop.pravo.unizg.hr\/index.php?rest_route=\/wp\/v2\/types\/page"}],"author":[{"embeddable":true,"href":"https:\/\/croinop.pravo.unizg.hr\/index.php?rest_route=\/wp\/v2\/users\/1"}],"replies":[{"embeddable":true,"href":"https:\/\/croinop.pravo.unizg.hr\/index.php?rest_route=%2Fwp%2Fv2%2Fcomments&post=2"}],"version-history":[{"count":51,"href":"https:\/\/croinop.pravo.unizg.hr\/index.php?rest_route=\/wp\/v2\/pages\/2\/revisions"}],"predecessor-version":[{"id":479,"href":"https:\/\/croinop.pravo.unizg.hr\/index.php?rest_route=\/wp\/v2\/pages\/2\/revisions\/479"}],"wp:attachment":[{"href":"https:\/\/croinop.pravo.unizg.hr\/index.php?rest_route=%2Fwp%2Fv2%2Fmedia&parent=2"}],"curies":[{"name":"wp","href":"https:\/\/api.w.org\/{rel}","templated":true}]}}