{"id":84,"date":"2020-03-06T21:49:29","date_gmt":"2020-03-06T21:49:29","guid":{"rendered":"https:\/\/croinop.pravo.unizg.hr\/?page_id=84"},"modified":"2024-03-26T13:55:40","modified_gmt":"2024-03-26T12:55:40","slug":"baza-podataka","status":"publish","type":"page","link":"https:\/\/croinop.pravo.unizg.hr\/?page_id=84","title":{"rendered":"Izvori"},"content":{"rendered":"<div class=\"post-content\">\n<h2 class=\"wp-block-heading\">CROINOP &#8211; Knjiga sa\u017eetaka i zaklju\u010dci projekta<\/h2>\n\n\n\n<div class=\"wp-block-buttons is-layout-flex wp-block-buttons-is-layout-flex\">\n<div class=\"wp-block-button\"><a class=\"wp-block-button__link wp-element-button\" href=\"https:\/\/croinop.pravo.unizg.hr\/wp-content\/uploads\/2024\/02\/Projekt-neduznosti-u-Hrvatskoj-3.pdf\">CROINOP &#8211; Knjiga sa\u017eetaka<\/a><\/div>\n<\/div>\n\n\n\n<h2 class=\"wp-block-heading\">Priru\u010dnik za analizu slu\u010dajeva<\/h2>\n\n\n\n<div class=\"wp-block-buttons is-layout-flex wp-block-buttons-is-layout-flex\">\n<div class=\"wp-block-button\"><a class=\"wp-block-button__link wp-element-button\" href=\"https:\/\/croinop.pravo.unizg.hr\/wp-content\/uploads\/2024\/01\/CROINOP-Prirucnik-za-analizu-slucajeva.pdf\">CROINOP &#8211; Priru\u010dnik za analizu slu\u010dajeva <\/a><\/div>\n<\/div>\n\n\n\n<h2 class=\"wp-block-heading\"><a href=\"https:\/\/croinop.pravo.unizg.hr\/wp-content\/uploads\/2024\/03\/3.-CROINOP-IP-04-2019-9893-Plan-upravljanja-istrazivackim-podacima-1.pdf\" data-type=\"link\" data-id=\"https:\/\/croinop.pravo.unizg.hr\/wp-content\/uploads\/2024\/03\/3.-CROINOP-IP-04-2019-9893-Plan-upravljanja-istrazivackim-podacima-1.pdf\">Upravljanja podacima<\/a><\/h2>\n\n\n\n<h2 class=\"wp-block-heading\">Materijali s radionica<\/h2>\n\n\n\n<p><\/p>\n\n\n\n<h2 class=\"wp-block-heading\">Radionica 17.11.2023<\/h2>\n\n\n\n<div class=\"wp-block-file\"><a id=\"wp-block-file--media-5674c4fb-5313-4179-b000-a22921462b1e\" href=\"https:\/\/croinop.pravo.unizg.hr\/wp-content\/uploads\/2023\/11\/17.11.-2023-Adela-Makar.pptx\">17.11.-2023-Adela-Makar<\/a><a href=\"https:\/\/croinop.pravo.unizg.hr\/wp-content\/uploads\/2023\/11\/17.11.-2023-Adela-Makar.pptx\" class=\"wp-block-file__button wp-element-button\" download aria-describedby=\"wp-block-file--media-5674c4fb-5313-4179-b000-a22921462b1e\">Download<\/a><\/div>\n\n\n\n<div class=\"wp-block-file\"><a id=\"wp-block-file--media-af20d1d7-0714-4504-abc9-7a5441802133\" href=\"https:\/\/croinop.pravo.unizg.hr\/wp-content\/uploads\/2023\/11\/17.11.2023-Ameet-Kabrawala.pptx\">17.11.2023-Ameet-Kabrawala<\/a><a href=\"https:\/\/croinop.pravo.unizg.hr\/wp-content\/uploads\/2023\/11\/17.11.2023-Ameet-Kabrawala.pptx\" class=\"wp-block-file__button wp-element-button\" download aria-describedby=\"wp-block-file--media-af20d1d7-0714-4504-abc9-7a5441802133\">Download<\/a><\/div>\n\n\n\n<div class=\"wp-block-file\"><a id=\"wp-block-file--media-83c12d79-286b-4335-889a-aa7427dadd92\" href=\"https:\/\/croinop.pravo.unizg.hr\/wp-content\/uploads\/2023\/11\/17.11.2023-Darija-Zeljko.pptx\">17.11.2023-Darija-Zeljko<\/a><a href=\"https:\/\/croinop.pravo.unizg.hr\/wp-content\/uploads\/2023\/11\/17.11.2023-Darija-Zeljko.pptx\" class=\"wp-block-file__button wp-element-button\" download aria-describedby=\"wp-block-file--media-83c12d79-286b-4335-889a-aa7427dadd92\">Download<\/a><\/div>\n\n\n\n<div class=\"wp-block-file\"><a id=\"wp-block-file--media-bb169a58-5658-43c3-9ddf-1f86dace3bf5\" href=\"https:\/\/croinop.pravo.unizg.hr\/wp-content\/uploads\/2023\/11\/17.11.2023-Niksa-Vojvoda.pptx\">17.11.2023-Niksa-Vojvoda<\/a><a href=\"https:\/\/croinop.pravo.unizg.hr\/wp-content\/uploads\/2023\/11\/17.11.2023-Niksa-Vojvoda.pptx\" class=\"wp-block-file__button wp-element-button\" download aria-describedby=\"wp-block-file--media-bb169a58-5658-43c3-9ddf-1f86dace3bf5\">Download<\/a><\/div>\n\n\n\n<div class=\"wp-block-file\"><a id=\"wp-block-file--media-082b02a4-0030-43ac-85e9-8d64cbc988e1\" href=\"https:\/\/croinop.pravo.unizg.hr\/wp-content\/uploads\/2023\/11\/Izvjestaj-o-Radionici.docx\">Izvjestaj-o-Radionici<\/a><a href=\"https:\/\/croinop.pravo.unizg.hr\/wp-content\/uploads\/2023\/11\/Izvjestaj-o-Radionici.docx\" class=\"wp-block-file__button wp-element-button\" download aria-describedby=\"wp-block-file--media-082b02a4-0030-43ac-85e9-8d64cbc988e1\">Download<\/a><\/div>\n\n\n\n<h2 class=\"wp-block-heading\">Konferencija Europskog dru\u0161tva za kriminologiju &#8211; Firenca, Italija 2023<\/h2>\n\n\n\n<div class=\"wp-block-file\"><a id=\"wp-block-file--media-08214212-96b0-4adc-a561-617f803b8f2e\" href=\"https:\/\/croinop.pravo.unizg.hr\/wp-content\/uploads\/2023\/11\/INNOCENCE-Eurocrim-2023.pptx\">INNOCENCE-Eurocrim-2023<\/a><a href=\"https:\/\/croinop.pravo.unizg.hr\/wp-content\/uploads\/2023\/11\/INNOCENCE-Eurocrim-2023.pptx\" class=\"wp-block-file__button wp-element-button\" download aria-describedby=\"wp-block-file--media-08214212-96b0-4adc-a561-617f803b8f2e\">Download<\/a><\/div>\n\n\n\n<h2 class=\"wp-block-heading\">Radionica 25.04.2023<\/h2>\n\n\n\n<div class=\"wp-block-file\"><a id=\"wp-block-file--media-2cef9b32-9d35-4007-8886-d3d5460b5465\" href=\"https:\/\/croinop.pravo.unizg.hr\/wp-content\/uploads\/2023\/05\/Buric-obnova-kaznenog-postupka.pptx\">Radionica 25.04.2023 &#8211; Prezentacija 1. Buri\u0107 &#8211; obnova kaznenog postupka<\/a><a href=\"https:\/\/croinop.pravo.unizg.hr\/wp-content\/uploads\/2023\/05\/Buric-obnova-kaznenog-postupka.pptx\" class=\"wp-block-file__button wp-element-button\" download aria-describedby=\"wp-block-file--media-2cef9b32-9d35-4007-8886-d3d5460b5465\">Download<\/a><\/div>\n\n\n\n<div class=\"wp-block-file\"><a id=\"wp-block-file--media-4d73dbc4-c083-4ee0-b192-7f813938e138\" href=\"https:\/\/croinop.pravo.unizg.hr\/wp-content\/uploads\/2023\/05\/Roksandic-FIN-Photo-and-Biometric-SR-DNA-hrv-200323-2.pptx\">Radionica 25.04.2023 &#8211; Prezentacija 2. Roksandi\u0107 &#8211; FIN Photo and Biometric SR DNA hrv 200323-2<\/a><a href=\"https:\/\/croinop.pravo.unizg.hr\/wp-content\/uploads\/2023\/05\/Roksandic-FIN-Photo-and-Biometric-SR-DNA-hrv-200323-2.pptx\" class=\"wp-block-file__button wp-element-button\" download aria-describedby=\"wp-block-file--media-4d73dbc4-c083-4ee0-b192-7f813938e138\">Download<\/a><\/div>\n\n\n\n<div class=\"wp-block-file\"><a id=\"wp-block-file--media-ca4778b9-0443-42a2-b72a-fc2b4c59557a\" href=\"https:\/\/croinop.pravo.unizg.hr\/wp-content\/uploads\/2023\/05\/Sokanovic-Zagreb-2023-1.pptx\">Radionica 25.04.2023 &#8211; Prezentacija 3. Sokanovi\u0107, Zagreb, 2023 (1)<\/a><a href=\"https:\/\/croinop.pravo.unizg.hr\/wp-content\/uploads\/2023\/05\/Sokanovic-Zagreb-2023-1.pptx\" class=\"wp-block-file__button wp-element-button\" download aria-describedby=\"wp-block-file--media-ca4778b9-0443-42a2-b72a-fc2b4c59557a\">Download<\/a><\/div>\n\n\n\n<div class=\"wp-block-file\"><a id=\"wp-block-file--media-450365e8-fb7a-4bf1-9e59-4a5251cd0c3f\" href=\"https:\/\/croinop.pravo.unizg.hr\/wp-content\/uploads\/2023\/05\/Zeljko-neucinkovitost-pravnih-lijekova.pptx\">Radionica 25.04.2023 &#8211; Prezentacija 4. \u017deljko &#8211; neu\u010dinkovitost pravnih lijekova<\/a><a href=\"https:\/\/croinop.pravo.unizg.hr\/wp-content\/uploads\/2023\/05\/Zeljko-neucinkovitost-pravnih-lijekova.pptx\" class=\"wp-block-file__button wp-element-button\" download aria-describedby=\"wp-block-file--media-450365e8-fb7a-4bf1-9e59-4a5251cd0c3f\">Download<\/a><\/div>\n\n\n\n<div class=\"wp-block-file\"><a id=\"wp-block-file--media-63d5aee5-685c-4f0a-8af1-43c9f081d684\" href=\"https:\/\/croinop.pravo.unizg.hr\/wp-content\/uploads\/2023\/05\/Vojvoda-Izvanredni-pravni-lijekovi-u-prekrsajnom-postupku.pptx\">Radionica 25.04.2023 &#8211; Prezentacija 5. Vojvoda &#8211; Izvanredni pravni lijekovi u prekr\u0161ajnom postupku<\/a><a href=\"https:\/\/croinop.pravo.unizg.hr\/wp-content\/uploads\/2023\/05\/Vojvoda-Izvanredni-pravni-lijekovi-u-prekrsajnom-postupku.pptx\" class=\"wp-block-file__button wp-element-button\" download aria-describedby=\"wp-block-file--media-63d5aee5-685c-4f0a-8af1-43c9f081d684\">Download<\/a><\/div>\n\n\n\n<h2 class=\"wp-block-heading\">Zakoni i drugi propisi <\/h2>\n\n\n\n<p><a href=\"https:\/\/www.zakon.hr\/z\/98\/Kazneni-zakon\">Kazneni zakon <\/a><\/p>\n\n\n\n<p><a href=\"https:\/\/www.zakon.hr\/z\/174\/Zakon-o-kaznenom-postupku\">Zakon o kaznenom postupku<\/a> <\/p>\n\n\n\n<p><a href=\"https:\/\/www.zakon.hr\/z\/179\/Zakon-o-izvr\u0161avanju-kazne-zatvora\">Zakon o izvr\u0161avanju kazne zatvora<\/a> <\/p>\n\n\n\n<p><a href=\"https:\/\/www.zakon.hr\/z\/554\/Zakon-o-pravnim-posljedicama-osude,-kaznenoj-evidenciji-i-rehabilitaciji\">Zakon o pravnim posljedicama osude, kaznenoj evidenciji i rehabilitaciji<\/a><\/p>\n\n\n\n<p><a href=\"https:\/\/narodne-novine.nn.hr\/clanci\/sluzbeni\/2014_10_120_2292.html\">Pravilnik o na\u010dinu uzimanja uzoraka biolo\u0161kog materijala i provo\u0111enja molekularno genetske analize<\/a><\/p>\n\n\n\n<p><a href=\"https:\/\/narodne-novine.nn.hr\/clanci\/sluzbeni\/2012_05_58_1447.html\">Pravilnik o postupanju s prona\u0111enim i oduzetim predmetima <\/a><\/p>\n\n\n\n<h2 class=\"wp-block-heading\">\u010clanci<\/h2>\n\n\n\n<div class=\"wp-block-file\"><a id=\"wp-block-file--media-a73c5fbf-44e9-4f15-826b-72031afa6ca2\" href=\"https:\/\/croinop.pravo.unizg.hr\/wp-content\/uploads\/2020\/03\/1_Projekti_neduznosti_i_naknadna_DNK_vjestacenja_u_Republici_Hrvatskoj_Derencinovic_et_al.pdf\">Projekti nedu\u017enosti i naknadna DNK vje\u0161ta\u010denja u Republici Hrvatskoj<\/a><a href=\"https:\/\/croinop.pravo.unizg.hr\/wp-content\/uploads\/2020\/03\/1_Projekti_neduznosti_i_naknadna_DNK_vjestacenja_u_Republici_Hrvatskoj_Derencinovic_et_al.pdf\" class=\"wp-block-file__button wp-element-button\" download aria-describedby=\"wp-block-file--media-a73c5fbf-44e9-4f15-826b-72031afa6ca2\">Download<\/a><\/div>\n\n\n\n<p>Addressing Wrongful Convictions in Croatia  through REvision of the <em>Novum<\/em> Criterion: Identifying Best Practices and Standards &#8211; <a href=\"https:\/\/www.intechopen.com\/online-first\/86866\">https:\/\/www.intechopen.com\/online-first\/86866<\/a> <\/p>\n\n\n\n<p><\/p>\n\n\n\n<h2 class=\"wp-block-heading\">Obrasci <\/h2>\n\n\n\n<p><\/p>\n\n\n\n<div class=\"wp-block-buttons is-layout-flex wp-block-buttons-is-layout-flex\">\n<div class=\"wp-block-button\"><a class=\"wp-block-button__link wp-element-button\" href=\"https:\/\/croinop.pravo.unizg.hr\/wp-content\/uploads\/2022\/09\/CROINOP-Upitnik-za-provjeru-1.docx\">CROINOP &#8211; Upitnik za provjeru<\/a><\/div>\n<\/div>\n\n\n\n<h2 class=\"wp-block-heading\">Projekti nedu\u017enosti u svijetu<\/h2>\n\n\n\n<p><a href=\"https:\/\/www.facebook.com\/InnocenceEurope\/\">European Innocence Network<\/a> <\/p>\n\n\n\n<p><a href=\"https:\/\/italyinnocenceproject.org\">Italy Innocence Project<\/a><\/p>\n\n\n\n<p><a href=\"https:\/\/law.uc.edu\/real-world-learning\/centers\/ohio-innocence-project-at-cincinnati-law.html\">Ohio Innocence Project<\/a><\/p>\n\n\n\n<figure class=\"wp-block-embed is-type-video is-provider-youtube wp-block-embed-youtube wp-embed-aspect-16-9 wp-has-aspect-ratio\"><div class=\"wp-block-embed__wrapper\">\n<iframe loading=\"lazy\" title=\"A Deeper Look into our Justice System | Mark Godsey | TEDxUCincinnati\" width=\"640\" height=\"360\" src=\"https:\/\/www.youtube.com\/embed\/QHZYdm4enJ0?feature=oembed\" frameborder=\"0\" allow=\"accelerometer; autoplay; clipboard-write; encrypted-media; gyroscope; picture-in-picture; web-share\" allowfullscreen><\/iframe>\n<\/div><\/figure>\n\n\n<\/div>","protected":false},"excerpt":{"rendered":"<p>CROINOP &#8211; Knjiga sa\u017eetaka i zaklju\u010dci projekta Priru\u010dnik za analizu<a href=\"https:\/\/croinop.pravo.unizg.hr\/?page_id=84\">Read More<i class=\"fa fa-long-arrow-right\" aria-hidden=\"true\"><\/i><\/a><\/p>\n","protected":false},"author":4,"featured_media":0,"parent":0,"menu_order":0,"comment_status":"closed","ping_status":"closed","template":"","meta":{"footnotes":""},"rise-blocks_excerpt":"CROINOP &#8211; Knjiga sa\u017eetaka i zaklju\u010dci projekta Priru\u010dnik za analizu slu\u010dajeva Upravljanja podacima Materijali s radionica Radionica 17.11.2023 Konferencija Europskog dru\u0161tva za kriminologiju &#8211; Firenca, Italija 2023 Radionica 25.04.2023 Zakoni i drugi propisi Kazneni zakon Zakon o kaznenom postupku Zakon o izvr\u0161avanju kazne zatvora Zakon o pravnim posljedicama osude, kaznenoj evidenciji i rehabilitaciji Pravilnik o na\u010dinu uzimanja uzoraka biolo\u0161kog materijala..","_links":{"self":[{"href":"https:\/\/croinop.pravo.unizg.hr\/index.php?rest_route=\/wp\/v2\/pages\/84"}],"collection":[{"href":"https:\/\/croinop.pravo.unizg.hr\/index.php?rest_route=\/wp\/v2\/pages"}],"about":[{"href":"https:\/\/croinop.pravo.unizg.hr\/index.php?rest_route=\/wp\/v2\/types\/page"}],"author":[{"embeddable":true,"href":"https:\/\/croinop.pravo.unizg.hr\/index.php?rest_route=\/wp\/v2\/users\/4"}],"replies":[{"embeddable":true,"href":"https:\/\/croinop.pravo.unizg.hr\/index.php?rest_route=%2Fwp%2Fv2%2Fcomments&post=84"}],"version-history":[{"count":26,"href":"https:\/\/croinop.pravo.unizg.hr\/index.php?rest_route=\/wp\/v2\/pages\/84\/revisions"}],"predecessor-version":[{"id":655,"href":"https:\/\/croinop.pravo.unizg.hr\/index.php?rest_route=\/wp\/v2\/pages\/84\/revisions\/655"}],"wp:attachment":[{"href":"https:\/\/croinop.pravo.unizg.hr\/index.php?rest_route=%2Fwp%2Fv2%2Fmedia&parent=84"}],"curies":[{"name":"wp","href":"https:\/\/api.w.org\/{rel}","templated":true}]}}